Calculate the remainder when 59 is divided by r.
19
Let u = 331 + -225. Suppose 0 = 3*h - h - u. What is the remainder when h is divided by 14?
11
Let n be 1 - 1 - -2 - -78. Suppose -5*u = 3*r - 8*r - n, r = 0. What is the remainder when 31 is divided by u?
15
Suppose 0 = t - 5*j - 30, 4*t - t = j + 20. Let d = 160 + -148. Calculate the remainder when d is divided by t.
2
Suppose 2*h = h + 10. Suppose -3*p + 8*p - h = 0. What is the remainder when 16 is divided by (p - 2) + 3 + 3?
4
Let q(d) = -9*d. What is the remainder when q(-9) is divided by 28?
25
Suppose -4*o + 24 = 3*x - 28, -88 = -4*x + 4*o. Let n = -79 - -117. Calculate the remainder when n is divided by x.
18
Let j = -65 + 130. Suppose -25 + j = 4*k. Let w = 0 + k. What is the remainder when 27 is divided by w?
7
Let f = 105 + -94. Let s = 2 + 1. Suppose 2*q + 0*n = 5*n + 104, -q - s*n + 30 = 0. Calculate the remainder when q is divided by f.
9
Suppose -4*h + 22 = -362. Calculate the remainder when (1/2)/(3/h) is divided by 9.
7
Let z(u) = 12*u + 4 + u**2 + 9*u - 9*u. Let x be z(-6). Let k = x - -59. What is the remainder when k is divided by 7?
6
Suppose -v + h + 15 = 0, -5*v = 3*h + 2*h - 75. Suppose -4*c = -216 - 20. What is the remainder when c is divided by v?
14
Suppose -4*g = -1 - 7. Suppose 4*y + 5*m = 24 - 8, 4*y - 28 = -g*m. Suppose l - 2*p - 76 = -2*l, 2*l - 48 = 4*p. Calculate the remainder when l is divided by y.
8
Let s(x) = 3*x - 6. Suppose 2*r = 5*y + 4*r - 44, 55 = 4*y - 5*r. Calculate the remainder when s(8) is divided by y.
8
Suppose 12*r - 2*r = 300. Calculate the remainder when 81 is divided by r.
21
Let d(r) = 6*r**2 + 4*r - 1. Suppose 2*j - 63 = -j. What is the remainder when d(-3) is divided by j?
20
Let w = 1 + -1. Let h = w + 35. Calculate the remainder when h is divided by 1 + 84/8 + 4/8.
11
Let p be 6*(4/3 - 1). Suppose 4*r - 12 = p*b + 10, 0 = r - 4. What is the remainder when b + 1 + 5 - -31 is divided by 12?
10
Let p(i) = -3*i - 13. Let d = 8 - 14. Calculate the remainder when 9 is divided by p(d).
4
Calculate the remainder when 13 is divided by 7*(0/(-1) + 1).
6
What is the remainder when 388 is divided by (2*13/2)/((-11)/(-55))?
63
Let m(x) = -x**2 - 5*x + 8. Let i be m(-6). What is the remainder when 4*((-10)/(-4) + 2) is divided by i/(-6) + 31/3?
8
Suppose -2*q + 19 = -23. Let t = q + -13. Calculate the remainder when 15 is divided by t.
7
What is the remainder when 30 is divided by 2 + 0 + 9 + -3?
6
Let c(h) = h**2 - 5*h + 6. Let q be c(4). Let o(b) = 6*b**2 - 4*b + 3. Suppose 0*g = 2*g - 20. What is the remainder when o(q) is divided by g?
9
Let u be 58/(-2) + (-10)/(-5). Let m(p) = -3*p**3 - 5*p**2 - 2*p - 1. Let b be m(-3). Let q = u + b. What is the remainder when q is divided by 5?
4
Let t be 5 + 0*(-2)/4. Suppose -t*i + 63 = -2*i. Calculate the remainder when i is divided by (-18)/(-45) + (-106)/(-10).
10
Suppose 4*j + 0*j + 4*w - 32 = 0, -3*w = -4*j + 4. Suppose 158 = -j*c + 2*q, 5*q = 4*c + 53 + 120. What is the remainder when c/(-1 + -1 + 1) is divided by 13?
11
Let a(s) = -s + 4. What is the remainder when 75 is divided by a(-15)?
18
Let b(n) = 0*n + 3*n**2 - 3 - 2*n**2 - 3*n - n. Let l be b(5). Suppose 3*h - 4*h + 47 = -w, -4*h = -l*w - 186. Calculate the remainder when h is divided by 16.
14
What is the remainder when (-286)/(-3) + 1/((-21)/(-14)) is divided by 9?
6
Suppose 4*m - 5*j - 24 = 0, 3*m + 7*j = 2*j + 53. Let w = 159 + -116. Calculate the remainder when w is divided by m.
10
Suppose 12 = 3*q - 30. Suppose 3*o = 4*v - 0*v - 42, v = -o + q. What is the remainder when 33 is divided by v?
9
Calculate the remainder when (-1407)/14*(1 + -3) is divided by 34.
31
Let u(r) = 2*r**2 + 4*r - 3. Let p = -57 - -80. What is the remainder when p is divided by u(-4)?
10
Let f(q) be the third derivative of -q**6/120 - q**5/30 + q**4/12 - 5*q**3/6 + 3*q**2. Calculate the remainder when 75 is divided by f(-4).
18
Let u(i) = 2*i + 4. Suppose 5*h + 3*f = 25, 2 + 3 = h - 4*f. Let z(l) = -l**2 - l + 8. What is the remainder when u(h) is divided by z(0)?
6
Suppose -5*m + 16 + 14 = 5*l, 3*m - 2 = l. What is the remainder when l is divided by 2/(-7)*(1 - 8)?
0
Suppose 0*t = -t - 5*s + 12, 0 = 5*t + 3*s - 16. Suppose r - 4*r = -24. Let w = r - t. What is the remainder when w is divided by 4?
2
Suppose -5*m - 5 = -15. Suppose -5*x = m*i - 19 - 118, -3*x = -3*i - 78. What is the remainder when x is divided by 14?
13
Let v(a) be the third derivative of a**5/20 - a**4/6 - 5*a**2. Calculate the remainder when 57 is divided by v(3).
12
Let r = 6 + -2. What is the remainder when r is divided by 2?
0
Let a(c) = -3*c + 2*c + 8*c - 9. Let l be a(7). Suppose 0*q - l = -5*q. Calculate the remainder when 31 is divided by q.
7
Suppose -4*g = 5*i - 222, 0*i + 284 = 5*g + 3*i. Let c = 127 - 63. Let d = c - 44. Calculate the remainder when g is divided by d.
18
Suppose 0 = 2*i - 2*f - 30, 0*f - 3*f + 45 = 3*i. What is the remainder when 43 is divided by i?
13
Let l = -3 - -21. Suppose 2*z - c - 108 = 0, 0 = 2*z + 2*z - 5*c - 228. What is the remainder when z is divided by l?
16
Let r = -65 - -112. Suppose 7*j = -4*j + 132. What is the remainder when r is divided by j?
11
Suppose 5*b - 4*b - 63 = 0. Calculate the remainder when b is divided by 33.
30
Suppose -80 = -5*a + 60. Suppose 2*h = -3*h - 4*r + 29, 4*h - 24 = -4*r. Calculate the remainder when a is divided by h.
3
Suppose 2*y - 5*z + 24 = 6*y, 3*z = 12. Let h(t) = 1 + 19*t - 7*t - 8 - y. Calculate the remainder when h(6) is divided by 22.
20
What is the remainder when (-648)/(-42) - (-8)/14 is divided by 9?
7
Let v = 192 - 60. Suppose -t + v = 3*t. Suppose t + 127 = 5*n. Calculate the remainder when n is divided by 17.
15
Calculate the remainder when 32 is divided by (-320)/(-18) - (-2 + 16/9).
14
Suppose -2*c = -7*c + 450. What is the remainder when c is divided by 23?
21
Let b(w) = w**3 - 10*w**2 + 3*w - 9. Let u = 5 + -3. Let g be (-2)/(27/15 - u). What is the remainder when b(g) is divided by 11?
10
Let q(f) = -f**2 + 11*f - 11. What is the remainder when q(9) is divided by 6?
1
Let u(k) = -3*k + 2. What is the remainder when 21 + (3 - 6) - -1 is divided by u(-1)?
4
Let s = -23 + 52. Let z = 52 - s. What is the remainder when z is divided by 12?
11
Suppose 0 = -0*r + r - 24. Calculate the remainder when 70 is divided by r.
22
Let p(y) = 3*y**3 - 4*y**2 + 4*y + 1. Let v be p(3). Suppose 5*m - 2 - v = 0. Calculate the remainder when 46 is divided by m.
10
Suppose -2*u + 41 = -2*i + 3*i, 0 = 3*u + 5*i - 58. What is the remainder when u is divided by 11?
10
Let v = -33 + 79. Suppose 0*h + 8 = 2*h. Suppose h*n + 96 = 10*n. What is the remainder when v is divided by n?
14
Let a(o) = 25*o**2 - 3*o + 6. Let y be a(-9). Suppose 0 = 2*z - 4*l - y, 4*l - 1091 = -4*z + 3001. Calculate the remainder when z/45 - 4/(-18) is divided by 13.
10
Let a = 34 - -15. Suppose 1 = -2*r - 5*v + 8, 2*v = -4*r + 22. What is the remainder when a is divided by (-3)/r*-44 + 3?
24
Suppose 7*u - 2*u - 4*i - 897 = 0, -4*u + 4*i + 720 = 0. Calculate the remainder when u is divided by 45.
42
Suppose 6 = -t - 11. Let b = t + 27. Calculate the remainder when 8/(-12)*57/(-1) is divided by b.
8
Calculate the remainder when 6/(-4)*(310/(-15) + -4) is divided by 7.
2
What is the remainder when (-24717)/(-297) + (0 - 4/18) is divided by 28?
27
Let g = -19 + 30. Calculate the remainder when g is divided by 3.
2
Suppose -53 = -2*i + 5*q + 49, -110 = -2*i + 3*q. Calculate the remainder when i is divided by 16.
13
Let l = -9 + 15. Calculate the remainder when 23 is divided by l.
5
Let w(j) = j**2 - 6*j + 2. Let b be w(7). Suppose -8*v = -b*v + 15. Suppose -l + 5 = -3. Calculate the remainder when v is divided by l.
7
Suppose 0*p = -2*y + p + 5, -y + 2*p = 2. Suppose -47*j + 44*j = -30. What is the remainder when j is divided by y?
2
Suppose 5*z = n + 27, 3*z - n = 17 - 2. What is the remainder when 588/27 - 2/(-9) is divided by z?
4
Let g(b) = b**3 - 2*b**3 - 4*b**2 + 0 + 11*b**2 - 3*b - 3. What is the remainder when g(6) is divided by 4?
3
What is the remainder when 113 is divided by (1044/(-54))/(2/(-3))?
26
Let i = 1 + 41. What is the remainder when i is divided by 11?
9
Let n = -16 - -25. What is the remainder when 16 is divided by n?
7
Suppose -3